{"id":281,"date":"2024-05-10T22:05:46","date_gmt":"2024-05-10T22:05:46","guid":{"rendered":"https:\/\/zetunas.com\/?page_id=281"},"modified":"2024-08-03T15:35:25","modified_gmt":"2024-08-03T15:35:25","slug":"misyonumuz","status":"publish","type":"page","link":"https:\/\/zetunas.com\/index.php\/misyonumuz\/","title":{"rendered":"Misyonumuz"},"content":{"rendered":"\t\t<div data-elementor-type=\"wp-page\" data-elementor-id=\"281\" class=\"elementor elementor-281\">\n\t\t\t\t\t\t<section class=\"elementor-section elementor-top-section elementor-element elementor-element-08d9f94 elementor-section-boxed elementor-section-height-default elementor-section-height-default\" data-id=\"08d9f94\" data-element_type=\"section\" data-e-type=\"section\">\n\t\t\t\t\t\t<div class=\"elementor-container elementor-column-gap-default\">\n\t\t\t\t\t<div class=\"aux-parallax-section elementor-column elementor-col-50 elementor-top-column elementor-element elementor-element-124e788\" data-id=\"124e788\" data-element_type=\"column\" data-e-type=\"column\">\n\t\t\t<div class=\"elementor-widget-wrap elementor-element-populated\">\n\t\t\t\t\t\t<div class=\"elementor-element elementor-element-4ce0dfa aux-appear-watch-animation aux-fade-in-up-1 elementor-widget elementor-widget-aux_modern_heading\" data-id=\"4ce0dfa\" data-element_type=\"widget\" data-e-type=\"widget\" data-widget_type=\"aux_modern_heading.default\">\n\t\t\t\t<div class=\"elementor-widget-container\">\n\t\t\t\t\t<section class=\"aux-widget-modern-heading\">\n            <div class=\"aux-widget-inner\"><h6 class=\"aux-modern-heading-primary\"><\/h6><h3 class=\"aux-modern-heading-secondary\"><span class=\"aux-head-before\">Misyonumuz<\/span><\/h3><div class=\"aux-modern-heading-description\"><p>Biz, Zetunas YMM olarak, m\u00fc\u015fterilerimize en \u00fcst d\u00fczeyde finansal \u00e7\u00f6z\u00fcmler sunmay\u0131 taahh\u00fct ediyoruz. Misyonumuz, m\u00fc\u015fterilerimizin mali hedeflerine ula\u015fmalar\u0131na yard\u0131mc\u0131 olmak, en \u00fcst d\u00fczeyde finansal \u00e7\u00f6z\u00fcmler sunmak, i\u015f s\u00fcre\u00e7lerini optimize etmek i\u00e7in uzmanl\u0131k ve g\u00fcvenilirlikle hareket etmektir.<\/p><p>Profesyonellik ve g\u00fcvenilirlik, hizmet verdi\u011fimiz her m\u00fc\u015fteriye kar\u015f\u0131 taahh\u00fcd\u00fcm\u00fcz\u00fcn temelini olu\u015fturur.<\/p><p><span style=\"color: var( --e-global-color-text )\">S\u00fcrekli de\u011fi\u015fen mali d\u00fcnyada, m\u00fc\u015fterilerimize en g\u00fcncel bilgileri ve \u00e7\u00f6z\u00fcmleri sunabilmek i\u00e7in i\u015f s\u00fcre\u00e7lerini optimize ederek m\u00fc\u015fterilerimizin rekabet avantaj\u0131n\u0131 art\u0131r\u0131yoruz.<\/span><\/p><p>M\u00fc\u015fterilerimizin beklentilerini a\u015farak, onlar\u0131n mali hedeflerine ula\u015fmalar\u0131na yard\u0131mc\u0131 olmak i\u00e7in elinden gelenin en iyisini yapmay\u0131 ama\u00e7l\u0131yoruz.<\/p><\/div><\/div>\n        <\/section>\t\t\t\t<\/div>\n\t\t\t\t<\/div>\n\t\t\t\t\t<\/div>\n\t\t<\/div>\n\t\t\t\t<div class=\"aux-parallax-section elementor-column elementor-col-50 elementor-top-column elementor-element elementor-element-454bdb2\" data-id=\"454bdb2\" data-element_type=\"column\" data-e-type=\"column\">\n\t\t\t<div class=\"elementor-widget-wrap elementor-element-populated\">\n\t\t\t\t\t\t<div class=\"elementor-element elementor-element-15ee399 aux-appear-watch-animation aux-fade-in-right-1 elementor-widget elementor-widget-aux_image\" data-id=\"15ee399\" data-element_type=\"widget\" data-e-type=\"widget\" data-widget_type=\"aux_image.default\">\n\t\t\t\t<div class=\"elementor-widget-container\">\n\t\t\t\t\t<section class=\"widget-container aux-widget-image aux-alignnone aux-parent-aue8d517c5\">\n    <div class=\"aux-media-hint-frame \">\n        <div class=\"aux-media-image \" >\n        \n            \n\n            \n            <img fetchpriority=\"high\" decoding=\"async\" width=\"750\" height=\"557\" src=\"data:image\/gif;base64,R0lGODlhAQABAIAAAAAAAP\/\/\/yH5BAEAAAAALAAAAAABAAEAAAIBRAA7\" class=\"aux-attachment aux-featured-image aux-attachment-id-382 aux-preload aux-blank\" alt=\"misyon3\" data-ratio=\"1.35\" data-original-w=\"750\" data-src=\"https:\/\/zetunas.com\/wp-content\/uploads\/2024\/05\/misyon3.jpg\" \/>            \n                <\/div>\n    <\/div>\n\n<\/section><!-- widget-container -->\t\t\t\t<\/div>\n\t\t\t\t<\/div>\n\t\t\t\t<div class=\"elementor-element elementor-element-06cb789 aux-appear-watch-animation aux-fade-in-right-1 elementor-widget elementor-widget-aux_image\" data-id=\"06cb789\" data-element_type=\"widget\" data-e-type=\"widget\" data-widget_type=\"aux_image.default\">\n\t\t\t\t<div class=\"elementor-widget-container\">\n\t\t\t\t\t<section class=\"widget-container aux-widget-image aux-alignnone aux-parent-au53e99781\">\n    <div class=\"aux-media-hint-frame \">\n        <div class=\"aux-media-image \" >\n        \n            \n\n            \n                        \n                <\/div>\n    <\/div>\n\n<\/section><!-- widget-container -->\t\t\t\t<\/div>\n\t\t\t\t<\/div>\n\t\t\t\t\t<\/div>\n\t\t<\/div>\n\t\t\t\t\t<\/div>\n\t\t<\/section>\n\t\t\t\t<\/div>\n\t\t","protected":false},"excerpt":{"rendered":"<p>Misyonumuz Biz, Zetunas YMM olarak, m\u00fc\u015fterilerimize en \u00fcst d\u00fczeyde finansal \u00e7\u00f6z\u00fcmler sunmay\u0131 taahh\u00fct ediyoruz. Misyonumuz, m\u00fc\u015fterilerimizin mali hedeflerine ula\u015fmalar\u0131na yard\u0131mc\u0131 olmak, en \u00fcst d\u00fczeyde finansal \u00e7\u00f6z\u00fcmler sunmak, i\u015f s\u00fcre\u00e7lerini optimize etmek i\u00e7in uzmanl\u0131k ve g\u00fcvenilirlikle hareket etmektir. Profesyonellik ve g\u00fcvenilirlik, hizmet verdi\u011fimiz her m\u00fc\u015fteriye kar\u015f\u0131 taahh\u00fcd\u00fcm\u00fcz\u00fcn temelini olu\u015fturur. S\u00fcrekli de\u011fi\u015fen mali d\u00fcnyada, m\u00fc\u015fterilerimize en g\u00fcncel [&hellip;]<\/p>\n","protected":false},"author":1,"featured_media":0,"parent":0,"menu_order":0,"comment_status":"closed","ping_status":"closed","template":"templates\/page-builder-content.php","meta":{"footnotes":""},"class_list":["post-281","page","type-page","status-publish","hentry"],"_links":{"self":[{"href":"https:\/\/zetunas.com\/index.php\/wp-json\/wp\/v2\/pages\/281","targetHints":{"allow":["GET"]}}],"collection":[{"href":"https:\/\/zetunas.com\/index.php\/wp-json\/wp\/v2\/pages"}],"about":[{"href":"https:\/\/zetunas.com\/index.php\/wp-json\/wp\/v2\/types\/page"}],"author":[{"embeddable":true,"href":"https:\/\/zetunas.com\/index.php\/wp-json\/wp\/v2\/users\/1"}],"replies":[{"embeddable":true,"href":"https:\/\/zetunas.com\/index.php\/wp-json\/wp\/v2\/comments?post=281"}],"version-history":[{"count":47,"href":"https:\/\/zetunas.com\/index.php\/wp-json\/wp\/v2\/pages\/281\/revisions"}],"predecessor-version":[{"id":1020,"href":"https:\/\/zetunas.com\/index.php\/wp-json\/wp\/v2\/pages\/281\/revisions\/1020"}],"wp:attachment":[{"href":"https:\/\/zetunas.com\/index.php\/wp-json\/wp\/v2\/media?parent=281"}],"curies":[{"name":"wp","href":"https:\/\/api.w.org\/{rel}","templated":true}]}}